 = 36*r, -r - 4*q + 164 = 0. What is the remainder when r is divided by 55?
46
Let s = 190 - 167. What is the remainder when 132 is divided by s?
17
Let r(y) = -3*y - 2. Let f be r(6). Let n = 23 + f. Suppose 115 = 2*z + n*z. What is the remainder when 90 is divided by z?
21
Suppose 2*d + 3 - 99 = 0. Calculate the remainder when d is divided by (8 - 0 - 6)/(6/51).
14
Suppose 0 = 5*u - 3*c - 64, 4*c + 23 = 4*u - 3*u. Let l(q) = -2*q - 2. Let j be l(3). Calculate the remainder when 8/2 - (-29 + j) is divided by u.
8
Let j be (-278 - (-2 + 2))/(-2). Suppose -j = -4*h + 545. Calculate the remainder when 18 is divided by (-1)/(-2) - h/(-18).
8
Let w be 3 - -16 - (-1 + 4). Let x = -7 - -5. Calculate the remainder when 29 is divided by w + (2 - 1) + x.
14
Let o(u) = -u**2 + 11*u + 16. Let n be o(12). Suppose -n*z = -v - 76, 4*z + 9 = -3*v + 69. Let d = z + -9. What is the remainder when d is divided by 6?
3
Suppose 0 = -3*o - 214 + 238. Calculate the remainder when 18 is divided by o.
2
Let m = 30 - 13. Let t = m + -9. Calculate the remainder when 23 is divided by t.
7
Let r = -31 + 32. Let q(y) = 9*y**2 + 3*y - 2. Calculate the remainder when 47 is divided by q(r).
7
What is the remainder when (6/(-4))/((-3)/(-102)*-3) is divided by 5?
2
Let q = -68 + 62. Calculate the remainder when 47 is divided by (-12)/36 + (-38)/q.
5
Let j(t) = -t**3 - 9*t**2 - 5. Let f be j(-9). Let g = -1 - f. Suppose g*r = -4*b + 36, 0*b + 2*r = 3*b - 27. Calculate the remainder when b is divided by 3.
0
Let f(j) = 2*j**3 + 2*j**2 - 5*j + 3. Let d be 9/4*(-72)/(-6). Suppose g = d - 11. What is the remainder when f(3) is divided by g?
12
Let v = -257 + 402. What is the remainder when v is divided by 42?
19
Let k = -450 + 511. Calculate the remainder when k is divided by 9.
7
Suppose 21 + 20 = c. Let q = 67 - c. What is the remainder when 74 is divided by q?
22
Suppose -2*m = 2*u - 278, -5*u + 6*u = 0. What is the remainder when m is divided by 71?
68
Suppose -4*i + 36 = -28. What is the remainder when 40 is divided by i?
8
Suppose 10 = -3*u + 136. Suppose 162 + u = 4*s. Let t = s - 36. What is the remainder when 27 is divided by t?
12
Let i = -19 - -42. Let j = -358 + 449. What is the remainder when j is divided by i?
22
Calculate the remainder when 39 is divided by (-4)/4*((-20)/(-2))/(-1).
9
Let l(c) = -c**3 - 12*c**2 + 6*c + 40. Let h be l(-11). Let m = 34 + -120. Let r = m - h. What is the remainder when r is divided by 21?
19
Let s = -21 - -82. Let c = 79 - s. Calculate the remainder when 53 is divided by c.
17
Let w(t) = -t + 6*t - 7 + 1 + 5*t. What is the remainder when w(6) is divided by -7*10/15*-3?
12
Let a(d) be the third derivative of 23*d**6/120 - d**5/60 + d**4/24 - d**3/6 - 7*d**2. Calculate the remainder when 108 is divided by a(1).
20
Suppose 386 + 1084 = 15*r. What is the remainder when r is divided by 22?
10
Suppose 5*z = 5*x - 55, -1 = -x + 29*z - 33*z. Calculate the remainder when 262 is divided by x.
1
Suppose -2*y + 156 = y. Suppose 0 = 5*k + 3*l - 364, 3*k = 5*k - l - 150. Let u = k - y. What is the remainder when 86 is divided by u?
20
Calculate the remainder when 163 is divided by 5*((-82)/20)/((-4)/8).
40
Let d(b) = 7*b**3 + 14*b**2 - 6*b + 12. What is the remainder when d(3) is divided by 10?
9
Suppose 0 = -12*r - 48 + 456. Calculate the remainder when r is divided by 8.
2
Let j(w) = 6*w - 16. Let q(c) = c**2 - 5*c + 12. Calculate the remainder when j(11) is divided by q(6).
14
What is the remainder when 258 is divided by (7 + -11 - -8)*(1 - -20)?
6
What is the remainder when ((-2325)/(-30)*(-8)/10)/(-1) is divided by 18?
8
Let h = -1722 - -2047. Calculate the remainder when h is divided by 23.
3
Suppose 3*g + 2*d - 255 = 0, 4*g = d + 403 - 63. Calculate the remainder when g is divided by 32.
21
What is the remainder when 4 is divided by 3/(-24) - 50/(-16)?
1
What is the remainder when 666 is divided by 550/66*(-12)/(-10)?
6
Suppose -6*s = 4*q - 2*s - 16, -4*q = s - 31. Suppose 4*u + 5*w - 101 = 0, -20 = -13*u + 12*u + 4*w. Calculate the remainder when u is divided by q.
6
Let o(b) be the third derivative of b**4/4 + 2*b**2. Let z be o(-1). Let q(c) = -c - 3. What is the remainder when q(z) is divided by 3?
0
Suppose -2*c = -6*c + 48. Suppose -2*z = -6*z + c. What is the remainder when -3 + (270 + -3)/z is divided by 22?
20
Suppose -62 = -4*u - 2*l, -2*u - 24 + 61 = -l. Suppose 25 + 15 = 4*p. Calculate the remainder when u is divided by p.
7
Let s be 27/(-6)*4/(-6). Suppose 5*r - 11 = m, -4*m + s*r + 46 = r. What is the remainder when 94 is divided by m?
10
Suppose -11*x + 2131 = -1301. Calculate the remainder when x is divided by 3 + (2 - 3) - 4 - -37.
32
Let n(b) = -7*b - 62. Calculate the remainder when 79 is divided by n(-9).
0
Let s be 2/(-3) - -16*4/(-12). Let w(x) = x**3 + 6*x**2 - 3*x + 14. What is the remainder when w(s) is divided by 18?
14
Let d(b) = -b**2 + 8*b - 19. Let j(y) = 4*y**2 - 31*y + 76. Let w(i) = -9*d(i) - 2*j(i). What is the remainder when w(9) is divided by 4?
2
Suppose 3*c + r = 234, 2*c = -2*c + 4*r + 296. Calculate the remainder when c is divided by 20.
17
Suppose 0 = -2*r + 6 - 12. Let p(w) = -19*w - 9. Calculate the remainder when p(r) is divided by 3 - (-25 + (2 - -1)).
23
Suppose f - 129 = -4*z, 3*f + 3*z - 55 = 305. Let b be (-16)/(-9) - 22/(-99). Suppose b*x - f = -19. Calculate the remainder when x is divided by 25.
24
Suppose -2*r = 3*f - 153, 2*r - 159 = -10*f + 5*f. Calculate the remainder when r is divided by 29.
14
Suppose -5*x = -u - 773, 5*x + u - 782 = 5*u. Let b(v) = 39*v**2 - 33*v - 33. What is the remainder when x is divided by b(-1)?
37
Let h(o) = o**3 - 3*o**2 - 9*o + 32. What is the remainder when 109 is divided by h(4)?
1
Let p(r) = -r**2 + 11*r + 33. What is the remainder when 689 is divided by p(6)?
59
Let o be (-1 + 8/6)/((-3)/(-90)). What is the remainder when -12*40/4*(-4)/o is divided by 13?
9
Let l(o) = -4*o**3 - 17*o**2 - 7*o - 28. What is the remainder when 321 is divided by l(-5)?
75
Suppose 2*f - 6*f + 20 = 0, -v = 4*f - 115. What is the remainder when 662 is divided by v?
92
Let i(g) = -g**3 - 20*g**2 + 46*g + 53. Calculate the remainder when 46 is divided by i(-22).
1
Suppose 5*l + 62 = -4*p + 18, 0 = -4*l + p - 31. Let f(m) = -m**2 - 15*m - 32. What is the remainder when 118 is divided by f(l)?
22
Calculate the remainder when (-4)/(-5)*(92 - 27) - 2 is divided by 37.
13
Suppose 260*b + 208 = 264*b. Calculate the remainder when b is divided by 18.
16
Suppose 2*n + v = 25, -v - 14 = 4*n - 5*n. Suppose 0 = 12*s - 138 - 474. Calculate the remainder when s is divided by n.
12
Let k(b) = b + 49. What is the remainder when k(-27) is divided by 4?
2
Suppose -u + 33 + 11 = 0. Let l = 4 + 1. Suppose l*r - r = u. What is the remainder when 32 is divided by r?
10
Let z be (4 - 125/10)*-2. Suppose -2*x = n - 36 + 9, 4*n = -3*x + 118. What is the remainder when n is divided by (2 - 3)/((-1)/z)?
14
Suppose -6*n - 12 = -12*n. What is the remainder when (-54)/(-3) - -1*(n + -4) is divided by 4?
0
Let c(h) = h**2 - 15*h - 75. What is the remainder when 152 is divided by c(-6)?
50
Let j(a) be the third derivative of a**4/4 - 28*a**3/3 - 39*a**2. Calculate the remainder when j(10) is divided by 4.
0
Suppose -4*d - 3*w = -399, d - 90 = 3*w - 7*w. What is the remainder when d is divided by 37?
28
Suppose -3*r + 4*n = -328, 5*n - 589 + 193 = -4*r. What is the remainder when 413 is divided by r?
101
Suppose -2*z - 5*o = -52, 4*z + 5*o - 25 = 59. What is the remainder when z is divided by -3*(14/(-3) + 2)?
0
Let h(v) = v**3 - 25*v**2 + 13. Calculate the remainder when 388 is divided by h(25).
11
Let x be (-8)/8 + (2 - -1). Suppose 0 = -3*g + x*u + 19, -g + 3*u + 2 + 9 = 0. What is the remainder when 8 is divided by g?
3
What is the remainder when (76/152)/((-2)/(-13392)) is divided by 10?
8
Let t = 102 - 48. Calculate the remainder when t is divided by 407/77 + (3 - (-92)/(-28)).
4
Let m = -11 + 17. Suppose 9*s - 18 = m*s. What is the remainder when 57 is divided by s?
3
Suppose -26*j + 3001 = -925. Calculate the remainder when j is divided by 11.
8
Suppose 5*u = 4*f - 1454, 2*u - 2145 = -4*f - 705. Calculate the remainder when f is divided by 28.
25
Let b = -16 + 93. Suppose 5*d + 4*g - b = 0, -2*g + 1 